{"id":11,"date":"2023-03-21T09:01:04","date_gmt":"2023-03-21T09:01:04","guid":{"rendered":"https:\/\/re-kg.de\/?page_id=11"},"modified":"2023-03-21T17:36:49","modified_gmt":"2023-03-21T17:36:49","slug":"11-2","status":"publish","type":"page","link":"https:\/\/re-kg.de\/","title":{"rendered":"Ohne Titel"},"content":{"rendered":"\n<p><img loading=\"lazy\" decoding=\"async\" width=\"640\" height=\"130\" class=\"wp-image-38\" style=\"width: 640px;\" src=\"https:\/\/re-kg.de\/wp-content\/uploads\/2023\/03\/cropped-Logo_RE.png\" alt=\"\" srcset=\"https:\/\/re-kg.de\/wp-content\/uploads\/2023\/03\/cropped-Logo_RE.png 2633w, https:\/\/re-kg.de\/wp-content\/uploads\/2023\/03\/cropped-Logo_RE-300x61.png 300w, https:\/\/re-kg.de\/wp-content\/uploads\/2023\/03\/cropped-Logo_RE-1024x208.png 1024w, https:\/\/re-kg.de\/wp-content\/uploads\/2023\/03\/cropped-Logo_RE-768x156.png 768w, https:\/\/re-kg.de\/wp-content\/uploads\/2023\/03\/cropped-Logo_RE-1536x312.png 1536w, https:\/\/re-kg.de\/wp-content\/uploads\/2023\/03\/cropped-Logo_RE-2048x416.png 2048w, https:\/\/re-kg.de\/wp-content\/uploads\/2023\/03\/cropped-Logo_RE-1568x319.png 1568w\" sizes=\"auto, (max-width: 640px) 100vw, 640px\" \/><\/p>\n\n\n\n<p>Aus der Region f\u00fcr die Zukunft &#8211; wir gestalten die Energiewende vor Ort!<\/p>\n\n\n\n<p class=\"has-white-color has-text-color has-background\" style=\"background-color:#6ab26e\"><img loading=\"lazy\" decoding=\"async\" width=\"300\" height=\"109\" class=\"wp-image-25\" style=\"width: 300px;\" src=\"https:\/\/re-kg.de\/wp-content\/uploads\/2023\/03\/regional.png\" alt=\"\" srcset=\"https:\/\/re-kg.de\/wp-content\/uploads\/2023\/03\/regional.png 1718w, https:\/\/re-kg.de\/wp-content\/uploads\/2023\/03\/regional-300x109.png 300w, https:\/\/re-kg.de\/wp-content\/uploads\/2023\/03\/regional-1024x372.png 1024w, https:\/\/re-kg.de\/wp-content\/uploads\/2023\/03\/regional-768x279.png 768w, https:\/\/re-kg.de\/wp-content\/uploads\/2023\/03\/regional-1536x558.png 1536w, https:\/\/re-kg.de\/wp-content\/uploads\/2023\/03\/regional-1568x570.png 1568w\" sizes=\"auto, (max-width: 300px) 100vw, 300px\" \/> <\/p>\n\n\n\n<p class=\"has-white-color has-text-color has-background\" style=\"background-color:#6ab26e\">&#8230; weil die Wertsch\u00f6pfung vor Ort erfolgt. Wir stellen sicher, dass die B\u00fcrgerinnen und B\u00fcrger sowie die Kommunen und Unternehmen vor Ort von der Nutzung regenerativer Energietr\u00e4ger profitieren. <\/p>\n\n\n\n<p class=\"has-white-color has-text-color has-background\" style=\"background-color:#8ce18d\"><img loading=\"lazy\" decoding=\"async\" width=\"300\" height=\"108\" class=\"wp-image-26\" style=\"width: 300px;\" src=\"https:\/\/re-kg.de\/wp-content\/uploads\/2023\/03\/rentabel.png\" alt=\"\" srcset=\"https:\/\/re-kg.de\/wp-content\/uploads\/2023\/03\/rentabel.png 1732w, https:\/\/re-kg.de\/wp-content\/uploads\/2023\/03\/rentabel-300x108.png 300w, https:\/\/re-kg.de\/wp-content\/uploads\/2023\/03\/rentabel-1024x369.png 1024w, https:\/\/re-kg.de\/wp-content\/uploads\/2023\/03\/rentabel-768x277.png 768w, https:\/\/re-kg.de\/wp-content\/uploads\/2023\/03\/rentabel-1536x553.png 1536w, https:\/\/re-kg.de\/wp-content\/uploads\/2023\/03\/rentabel-1568x565.png 1568w\" sizes=\"auto, (max-width: 300px) 100vw, 300px\" \/><\/p>\n\n\n\n<p class=\"has-white-color has-text-color has-background\" style=\"background-color:#8ce18d\">F\u00fcr alle. Mit unterschiedlichen M\u00f6glichkeiten der B\u00fcrgerbeteiligung k\u00f6nnen wir gemeinsam mehr erreichen. <\/p>\n\n\n\n<ul class=\"has-white-color has-text-color has-background wp-block-list\" style=\"background-color:#8ce18d\">\n<li>Die erneuerbare-Energien Anlagen entstehen hier vor Ort im Landkreis und werden von der regionalenergie betrieben.<\/li>\n\n\n\n<li>Die Beteiligung erfolgt jeweils an einer konkreten Projektgesellschaft.<\/li>\n\n\n\n<li>Die Geld-Anlage bietet eine langfristige, attraktive Verzinsung.<\/li>\n<\/ul>\n\n\n\n<p class=\"has-background\" style=\"background-color:#6ab26e\"><img loading=\"lazy\" decoding=\"async\" width=\"320\" height=\"101\" class=\"wp-image-24\" style=\"width: 320px;\" src=\"https:\/\/re-kg.de\/wp-content\/uploads\/2023\/03\/realistisch.png\" alt=\"\" srcset=\"https:\/\/re-kg.de\/wp-content\/uploads\/2023\/03\/realistisch.png 1973w, https:\/\/re-kg.de\/wp-content\/uploads\/2023\/03\/realistisch-300x95.png 300w, https:\/\/re-kg.de\/wp-content\/uploads\/2023\/03\/realistisch-1024x324.png 1024w, https:\/\/re-kg.de\/wp-content\/uploads\/2023\/03\/realistisch-768x243.png 768w, https:\/\/re-kg.de\/wp-content\/uploads\/2023\/03\/realistisch-1536x486.png 1536w, https:\/\/re-kg.de\/wp-content\/uploads\/2023\/03\/realistisch-1568x496.png 1568w\" sizes=\"auto, (max-width: 320px) 100vw, 320px\" \/><\/p>\n\n\n\n<p class=\"has-white-color has-text-color has-background\" style=\"background-color:#6ab26e\">Mit konkreten Projekten, die wir professionell umsetzen. F\u00fcr alle Projekte, die wir Ihnen vorschlagen, liegen die notwendigen Genehmigungen und Freigaben vor. Damit Sie keine unangenehmen \u00dcberraschungen erleben.<\/p>\n\n\n\n<p class=\"has-background\" style=\"background-color:#8ce18d\"><img loading=\"lazy\" decoding=\"async\" width=\"300\" height=\"109\" class=\"wp-image-48\" style=\"width: 300px;\" src=\"https:\/\/re-kg.de\/wp-content\/uploads\/2023\/03\/relevant.png\" alt=\"\" srcset=\"https:\/\/re-kg.de\/wp-content\/uploads\/2023\/03\/relevant.png 1713w, https:\/\/re-kg.de\/wp-content\/uploads\/2023\/03\/relevant-300x109.png 300w, https:\/\/re-kg.de\/wp-content\/uploads\/2023\/03\/relevant-1024x373.png 1024w, https:\/\/re-kg.de\/wp-content\/uploads\/2023\/03\/relevant-768x280.png 768w, https:\/\/re-kg.de\/wp-content\/uploads\/2023\/03\/relevant-1536x560.png 1536w, https:\/\/re-kg.de\/wp-content\/uploads\/2023\/03\/relevant-1568x571.png 1568w\" sizes=\"auto, (max-width: 300px) 100vw, 300px\" \/><\/p>\n\n\n\n<p class=\"has-white-color has-text-color has-background\" style=\"background-color:#8ce18d\">Weil Klimaschutz heute wichtiger ist als jemals zuvor. Deshalb wollen wir die Potenziale unserer Region erschlie\u00dfen &#8211; und zwar so vertr\u00e4glich f\u00fcr die B\u00fcrgerinnen und B\u00fcrger wie m\u00f6glich. Denn Nachhaltigkeit bedeutet auch, die Attraktivit\u00e4t unserer Region zu st\u00e4rken und eine lebenswerte Umwelt f\u00fcr Menschen und Natur zu erhalten.<\/p>\n\n\n\n<p class=\"has-background\" style=\"background-color:#6ab26e\"><img loading=\"lazy\" decoding=\"async\" width=\"320\" height=\"104\" class=\"wp-image-47\" style=\"width: 320px;\" src=\"https:\/\/re-kg.de\/wp-content\/uploads\/2023\/03\/rebellisch.png\" alt=\"\" srcset=\"https:\/\/re-kg.de\/wp-content\/uploads\/2023\/03\/rebellisch.png 1920w, https:\/\/re-kg.de\/wp-content\/uploads\/2023\/03\/rebellisch-300x98.png 300w, https:\/\/re-kg.de\/wp-content\/uploads\/2023\/03\/rebellisch-1024x333.png 1024w, https:\/\/re-kg.de\/wp-content\/uploads\/2023\/03\/rebellisch-768x250.png 768w, https:\/\/re-kg.de\/wp-content\/uploads\/2023\/03\/rebellisch-1536x499.png 1536w, https:\/\/re-kg.de\/wp-content\/uploads\/2023\/03\/rebellisch-1568x510.png 1568w\" sizes=\"auto, (max-width: 320px) 100vw, 320px\" \/><\/p>\n\n\n\n<p class=\"has-white-color has-text-color has-background\" style=\"background-color:#6ab26e\">Jeder kann ein Teil der Energiewende sein und mit seinem Engagement den \u00dcbergang zu einer auf erneuerbaren Energietr\u00e4gern basierenden Energieversorgung vor Ort beschleunigen. Daher wollen wir auch gemeinsam mit den Menschen aus der Region die Anlagen errichten und betreiben. <\/p>\n\n\n\n<p class=\"has-background\" style=\"background-color:#8ce18d\"><img loading=\"lazy\" decoding=\"async\" width=\"320\" height=\"111\" class=\"wp-image-50\" style=\"width: 320px;\" src=\"https:\/\/re-kg.de\/wp-content\/uploads\/2023\/03\/restriktiv.png\" alt=\"\" srcset=\"https:\/\/re-kg.de\/wp-content\/uploads\/2023\/03\/restriktiv.png 1791w, https:\/\/re-kg.de\/wp-content\/uploads\/2023\/03\/restriktiv-300x104.png 300w, https:\/\/re-kg.de\/wp-content\/uploads\/2023\/03\/restriktiv-1024x356.png 1024w, https:\/\/re-kg.de\/wp-content\/uploads\/2023\/03\/restriktiv-768x267.png 768w, https:\/\/re-kg.de\/wp-content\/uploads\/2023\/03\/restriktiv-1536x534.png 1536w, https:\/\/re-kg.de\/wp-content\/uploads\/2023\/03\/restriktiv-1568x545.png 1568w\" sizes=\"auto, (max-width: 320px) 100vw, 320px\" \/><\/p>\n\n\n\n<p class=\"has-white-color has-text-color has-background\" style=\"background-color:#8ce18d\">Sind wir, wenn es um den Umweltschutz und die Sicherstellung einer lebenswerten Umgebung in unseren Kommunen geht. Darum sind alle unsere Projekte umweltschutzrechtlich gepr\u00fcft und orientieren sich an den kommunalen Entwicklungszielen.<\/p>\n\n\n\n<p class=\"has-background\" style=\"background-color:#6ab26e\"><img loading=\"lazy\" decoding=\"async\" width=\"380\" height=\"106\" class=\"wp-image-49\" style=\"width: 380px;\" src=\"https:\/\/re-kg.de\/wp-content\/uploads\/2023\/03\/renommiert.png\" alt=\"\" srcset=\"https:\/\/re-kg.de\/wp-content\/uploads\/2023\/03\/renommiert.png 2234w, https:\/\/re-kg.de\/wp-content\/uploads\/2023\/03\/renommiert-300x84.png 300w, https:\/\/re-kg.de\/wp-content\/uploads\/2023\/03\/renommiert-1024x286.png 1024w, https:\/\/re-kg.de\/wp-content\/uploads\/2023\/03\/renommiert-768x215.png 768w, https:\/\/re-kg.de\/wp-content\/uploads\/2023\/03\/renommiert-1536x429.png 1536w, https:\/\/re-kg.de\/wp-content\/uploads\/2023\/03\/renommiert-2048x572.png 2048w, https:\/\/re-kg.de\/wp-content\/uploads\/2023\/03\/renommiert-1568x438.png 1568w\" sizes=\"auto, (max-width: 380px) 100vw, 380px\" \/><\/p>\n\n\n\n<p class=\"has-white-color has-text-color has-background\" style=\"background-color:#6ab26e\">Bei uns sind die Kommunen Teil der L\u00f6sung. Wir bringen die Energiewende gemeinsam auf den Weg. Unsere Ziele legen wir gemeinsam mit den Kommunen fest, die als unsere Gesellschafter an unserer Ausrichtung mitarbeiten.<\/p>\n\n\n\n<p class=\"has-background\" style=\"background-color:#8ce18d\"><img loading=\"lazy\" decoding=\"async\" width=\"360\" height=\"103\" class=\"wp-image-59\" style=\"width: 360px;\" src=\"https:\/\/re-kg.de\/wp-content\/uploads\/2023\/03\/reinvestiert.png\" alt=\"\" srcset=\"https:\/\/re-kg.de\/wp-content\/uploads\/2023\/03\/reinvestiert.png 2172w, https:\/\/re-kg.de\/wp-content\/uploads\/2023\/03\/reinvestiert-300x86.png 300w, https:\/\/re-kg.de\/wp-content\/uploads\/2023\/03\/reinvestiert-1024x294.png 1024w, https:\/\/re-kg.de\/wp-content\/uploads\/2023\/03\/reinvestiert-768x221.png 768w, https:\/\/re-kg.de\/wp-content\/uploads\/2023\/03\/reinvestiert-1536x441.png 1536w, https:\/\/re-kg.de\/wp-content\/uploads\/2023\/03\/reinvestiert-2048x588.png 2048w, https:\/\/re-kg.de\/wp-content\/uploads\/2023\/03\/reinvestiert-1568x450.png 1568w\" sizes=\"auto, (max-width: 360px) 100vw, 360px\" \/><\/p>\n\n\n\n<p class=\"has-white-color has-text-color has-background\" style=\"background-color:#8ce18d\">Um mehr erreichen zu k\u00f6nnen, reinvestieren wir Ertr\u00e4ge in der Region. Damit gehen wir die n\u00e4chsten Schritte und unterst\u00fctzen die W\u00e4rmewende, z. B. durch kommunale W\u00e4rmenetze oder aber Infrastruktur f\u00fcr die Wasserstoffwirtschaft.<\/p>\n","protected":false},"excerpt":{"rendered":"<p>Aus der Region f\u00fcr die Zukunft &#8211; wir gestalten die Energiewende vor Ort! &#8230; weil die Wertsch\u00f6pfung vor Ort erfolgt. Wir stellen sicher, dass die B\u00fcrgerinnen und B\u00fcrger sowie die Kommunen und Unternehmen vor Ort von der Nutzung regenerativer Energietr\u00e4ger profitieren. F\u00fcr alle. Mit unterschiedlichen M\u00f6glichkeiten der B\u00fcrgerbeteiligung k\u00f6nnen wir gemeinsam mehr erreichen. Mit konkreten&hellip; <a class=\"more-link\" href=\"https:\/\/re-kg.de\/\"><span class=\"screen-reader-text\">Ohne Titel<\/span> weiterlesen<\/a><\/p>\n","protected":false},"author":1,"featured_media":0,"parent":0,"menu_order":0,"comment_status":"closed","ping_status":"closed","template":"","meta":{"footnotes":""},"class_list":["post-11","page","type-page","status-publish","hentry","entry"],"_links":{"self":[{"href":"https:\/\/re-kg.de\/index.php\/wp-json\/wp\/v2\/pages\/11","targetHints":{"allow":["GET"]}}],"collection":[{"href":"https:\/\/re-kg.de\/index.php\/wp-json\/wp\/v2\/pages"}],"about":[{"href":"https:\/\/re-kg.de\/index.php\/wp-json\/wp\/v2\/types\/page"}],"author":[{"embeddable":true,"href":"https:\/\/re-kg.de\/index.php\/wp-json\/wp\/v2\/users\/1"}],"replies":[{"embeddable":true,"href":"https:\/\/re-kg.de\/index.php\/wp-json\/wp\/v2\/comments?post=11"}],"version-history":[{"count":28,"href":"https:\/\/re-kg.de\/index.php\/wp-json\/wp\/v2\/pages\/11\/revisions"}],"predecessor-version":[{"id":71,"href":"https:\/\/re-kg.de\/index.php\/wp-json\/wp\/v2\/pages\/11\/revisions\/71"}],"wp:attachment":[{"href":"https:\/\/re-kg.de\/index.php\/wp-json\/wp\/v2\/media?parent=11"}],"curies":[{"name":"wp","href":"https:\/\/api.w.org\/{rel}","templated":true}]}}

<p><img loading="lazy" decoding="async" width="640" height="130" class="wp-image-38" style="width: 640px;" src="https://re-kg.de/wp-content/uploads/2023/03/cropped-Logo_RE.png" alt="" srcset="https://re-kg.de/wp-content/uploads/2023/03/cropped-Logo_RE.png 2633w, https://re-kg.de/wp-content/uploads/2023/03/cropped-Logo_RE-300x61.png 300w, https://re-kg.de/wp-content/uploads/2023/03/cropped-Logo_RE-1024x208.png 1024w, https://re-kg.de/wp-content/uploads/2023/03/cropped-Logo_RE-768x156.png 768w, https://re-kg.de/wp-content/uploads/2023/03/cropped-Logo_RE-1536x312.png 1536w, https://re-kg.de/wp-content/uploads/2023/03/cropped-Logo_RE-2048x416.png 2048w, https://re-kg.de/wp-content/uploads/2023/03/cropped-Logo_RE-1568x319.png 1568w" sizes="auto, (max-width: 640px) 100vw, 640px" /></p>



<p>Aus der Region für die Zukunft &#8211; wir gestalten die Energiewende vor Ort!</p>



<p class="has-white-color has-text-color has-background" style="background-color:#6ab26e"><img loading="lazy" decoding="async" width="300" height="109" class="wp-image-25" style="width: 300px;" src="https://re-kg.de/wp-content/uploads/2023/03/regional.png" alt="" srcset="https://re-kg.de/wp-content/uploads/2023/03/regional.png 1718w, https://re-kg.de/wp-content/uploads/2023/03/regional-300x109.png 300w, https://re-kg.de/wp-content/uploads/2023/03/regional-1024x372.png 1024w, https://re-kg.de/wp-content/uploads/2023/03/regional-768x279.png 768w, https://re-kg.de/wp-content/uploads/2023/03/regional-1536x558.png 1536w, https://re-kg.de/wp-content/uploads/2023/03/regional-1568x570.png 1568w" sizes="auto, (max-width: 300px) 100vw, 300px" /> </p>



<p class="has-white-color has-text-color has-background" style="background-color:#6ab26e">&#8230; weil die Wertschöpfung vor Ort erfolgt. Wir stellen sicher, dass die Bürgerinnen und Bürger sowie die Kommunen und Unternehmen vor Ort von der Nutzung regenerativer Energieträger profitieren. </p>



<p class="has-white-color has-text-color has-background" style="background-color:#8ce18d"><img loading="lazy" decoding="async" width="300" height="108" class="wp-image-26" style="width: 300px;" src="https://re-kg.de/wp-content/uploads/2023/03/rentabel.png" alt="" srcset="https://re-kg.de/wp-content/uploads/2023/03/rentabel.png 1732w, https://re-kg.de/wp-content/uploads/2023/03/rentabel-300x108.png 300w, https://re-kg.de/wp-content/uploads/2023/03/rentabel-1024x369.png 1024w, https://re-kg.de/wp-content/uploads/2023/03/rentabel-768x277.png 768w, https://re-kg.de/wp-content/uploads/2023/03/rentabel-1536x553.png 1536w, https://re-kg.de/wp-content/uploads/2023/03/rentabel-1568x565.png 1568w" sizes="auto, (max-width: 300px) 100vw, 300px" /></p>



<p class="has-white-color has-text-color has-background" style="background-color:#8ce18d">Für alle. Mit unterschiedlichen Möglichkeiten der Bürgerbeteiligung können wir gemeinsam mehr erreichen. </p>



<ul class="has-white-color has-text-color has-background wp-block-list" style="background-color:#8ce18d">
<li>Die erneuerbare-Energien Anlagen entstehen hier vor Ort im Landkreis und werden von der regionalenergie betrieben.</li>



<li>Die Beteiligung erfolgt jeweils an einer konkreten Projektgesellschaft.</li>



<li>Die Geld-Anlage bietet eine langfristige, attraktive Verzinsung.</li>
</ul>



<p class="has-background" style="background-color:#6ab26e"><img loading="lazy" decoding="async" width="320" height="101" class="wp-image-24" style="width: 320px;" src="https://re-kg.de/wp-content/uploads/2023/03/realistisch.png" alt="" srcset="https://re-kg.de/wp-content/uploads/2023/03/realistisch.png 1973w, https://re-kg.de/wp-content/uploads/2023/03/realistisch-300x95.png 300w, https://re-kg.de/wp-content/uploads/2023/03/realistisch-1024x324.png 1024w, https://re-kg.de/wp-content/uploads/2023/03/realistisch-768x243.png 768w, https://re-kg.de/wp-content/uploads/2023/03/realistisch-1536x486.png 1536w, https://re-kg.de/wp-content/uploads/2023/03/realistisch-1568x496.png 1568w" sizes="auto, (max-width: 320px) 100vw, 320px" /></p>



<p class="has-white-color has-text-color has-background" style="background-color:#6ab26e">Mit konkreten Projekten, die wir professionell umsetzen. Für alle Projekte, die wir Ihnen vorschlagen, liegen die notwendigen Genehmigungen und Freigaben vor. Damit Sie keine unangenehmen Überraschungen erleben.</p>



<p class="has-background" style="background-color:#8ce18d"><img loading="lazy" decoding="async" width="300" height="109" class="wp-image-48" style="width: 300px;" src="https://re-kg.de/wp-content/uploads/2023/03/relevant.png" alt="" srcset="https://re-kg.de/wp-content/uploads/2023/03/relevant.png 1713w, https://re-kg.de/wp-content/uploads/2023/03/relevant-300x109.png 300w, https://re-kg.de/wp-content/uploads/2023/03/relevant-1024x373.png 1024w, https://re-kg.de/wp-content/uploads/2023/03/relevant-768x280.png 768w, https://re-kg.de/wp-content/uploads/2023/03/relevant-1536x560.png 1536w, https://re-kg.de/wp-content/uploads/2023/03/relevant-1568x571.png 1568w" sizes="auto, (max-width: 300px) 100vw, 300px" /></p>



<p class="has-white-color has-text-color has-background" style="background-color:#8ce18d">Weil Klimaschutz heute wichtiger ist als jemals zuvor. Deshalb wollen wir die Potenziale unserer Region erschließen &#8211; und zwar so verträglich für die Bürgerinnen und Bürger wie möglich. Denn Nachhaltigkeit bedeutet auch, die Attraktivität unserer Region zu stärken und eine lebenswerte Umwelt für Menschen und Natur zu erhalten.</p>



<p class="has-background" style="background-color:#6ab26e"><img loading="lazy" decoding="async" width="320" height="104" class="wp-image-47" style="width: 320px;" src="https://re-kg.de/wp-content/uploads/2023/03/rebellisch.png" alt="" srcset="https://re-kg.de/wp-content/uploads/2023/03/rebellisch.png 1920w, https://re-kg.de/wp-content/uploads/2023/03/rebellisch-300x98.png 300w, https://re-kg.de/wp-content/uploads/2023/03/rebellisch-1024x333.png 1024w, https://re-kg.de/wp-content/uploads/2023/03/rebellisch-768x250.png 768w, https://re-kg.de/wp-content/uploads/2023/03/rebellisch-1536x499.png 1536w, https://re-kg.de/wp-content/uploads/2023/03/rebellisch-1568x510.png 1568w" sizes="auto, (max-width: 320px) 100vw, 320px" /></p>



<p class="has-white-color has-text-color has-background" style="background-color:#6ab26e">Jeder kann ein Teil der Energiewende sein und mit seinem Engagement den Übergang zu einer auf erneuerbaren Energieträgern basierenden Energieversorgung vor Ort beschleunigen. Daher wollen wir auch gemeinsam mit den Menschen aus der Region die Anlagen errichten und betreiben. </p>



<p class="has-background" style="background-color:#8ce18d"><img loading="lazy" decoding="async" width="320" height="111" class="wp-image-50" style="width: 320px;" src="https://re-kg.de/wp-content/uploads/2023/03/restriktiv.png" alt="" srcset="https://re-kg.de/wp-content/uploads/2023/03/restriktiv.png 1791w, https://re-kg.de/wp-content/uploads/2023/03/restriktiv-300x104.png 300w, https://re-kg.de/wp-content/uploads/2023/03/restriktiv-1024x356.png 1024w, https://re-kg.de/wp-content/uploads/2023/03/restriktiv-768x267.png 768w, https://re-kg.de/wp-content/uploads/2023/03/restriktiv-1536x534.png 1536w, https://re-kg.de/wp-content/uploads/2023/03/restriktiv-1568x545.png 1568w" sizes="auto, (max-width: 320px) 100vw, 320px" /></p>



<p class="has-white-color has-text-color has-background" style="background-color:#8ce18d">Sind wir, wenn es um den Umweltschutz und die Sicherstellung einer lebenswerten Umgebung in unseren Kommunen geht. Darum sind alle unsere Projekte umweltschutzrechtlich geprüft und orientieren sich an den kommunalen Entwicklungszielen.</p>



<p class="has-background" style="background-color:#6ab26e"><img loading="lazy" decoding="async" width="380" height="106" class="wp-image-49" style="width: 380px;" src="https://re-kg.de/wp-content/uploads/2023/03/renommiert.png" alt="" srcset="https://re-kg.de/wp-content/uploads/2023/03/renommiert.png 2234w, https://re-kg.de/wp-content/uploads/2023/03/renommiert-300x84.png 300w, https://re-kg.de/wp-content/uploads/2023/03/renommiert-1024x286.png 1024w, https://re-kg.de/wp-content/uploads/2023/03/renommiert-768x215.png 768w, https://re-kg.de/wp-content/uploads/2023/03/renommiert-1536x429.png 1536w, https://re-kg.de/wp-content/uploads/2023/03/renommiert-2048x572.png 2048w, https://re-kg.de/wp-content/uploads/2023/03/renommiert-1568x438.png 1568w" sizes="auto, (max-width: 380px) 100vw, 380px" /></p>



<p class="has-white-color has-text-color has-background" style="background-color:#6ab26e">Bei uns sind die Kommunen Teil der Lösung. Wir bringen die Energiewende gemeinsam auf den Weg. Unsere Ziele legen wir gemeinsam mit den Kommunen fest, die als unsere Gesellschafter an unserer Ausrichtung mitarbeiten.</p>



<p class="has-background" style="background-color:#8ce18d"><img loading="lazy" decoding="async" width="360" height="103" class="wp-image-59" style="width: 360px;" src="https://re-kg.de/wp-content/uploads/2023/03/reinvestiert.png" alt="" srcset="https://re-kg.de/wp-content/uploads/2023/03/reinvestiert.png 2172w, https://re-kg.de/wp-content/uploads/2023/03/reinvestiert-300x86.png 300w, https://re-kg.de/wp-content/uploads/2023/03/reinvestiert-1024x294.png 1024w, https://re-kg.de/wp-content/uploads/2023/03/reinvestiert-768x221.png 768w, https://re-kg.de/wp-content/uploads/2023/03/reinvestiert-1536x441.png 1536w, https://re-kg.de/wp-content/uploads/2023/03/reinvestiert-2048x588.png 2048w, https://re-kg.de/wp-content/uploads/2023/03/reinvestiert-1568x450.png 1568w" sizes="auto, (max-width: 360px) 100vw, 360px" /></p>



<p class="has-white-color has-text-color has-background" style="background-color:#8ce18d">Um mehr erreichen zu können, reinvestieren wir Erträge in der Region. Damit gehen wir die nächsten Schritte und unterstützen die Wärmewende, z. B. durch kommunale Wärmenetze oder aber Infrastruktur für die Wasserstoffwirtschaft.</p>

<p>Aus der Region für die Zukunft &#8211; wir gestalten die Energiewende vor Ort! &#8230; weil die Wertschöpfung vor Ort erfolgt. Wir stellen sicher, dass die Bürgerinnen und Bürger sowie die Kommunen und Unternehmen vor Ort von der Nutzung regenerativer Energieträger profitieren. Für alle. Mit unterschiedlichen Möglichkeiten der Bürgerbeteiligung können wir gemeinsam mehr erreichen. Mit konkreten&hellip; <a class="more-link" href="https://re-kg.de/"><span class="screen-reader-text">Ohne Titel</span> weiterlesen</a></p>
